at is the hundred thousands digit of 16097225?
0
What is the millions digit of 7023081660?
3
What is the hundred millions digit of 547024490?
5
What is the tens digit of 1295800075?
7
What is the units digit of 27076392?
2
What is the millions digit of 43596201?
3
What is the tens digit of 62700557?
5
What is the hundred millions digit of 2742734099?
7
What is the ten millions digit of 4070953136?
7
What is the tens digit of 174273035?
3
What is the hundreds digit of 38220043?
0
What is the millions digit of 1962633559?
2
What is the millions digit of 38046054?
8
What is the millions digit of 852737443?
2
What is the hundreds digit of 552609271?
2
What is the millions digit of 56106951?
6
What is the hundred thousands digit of 205917099?
9
What is the units digit of 4349070411?
1
What is the millions digit of 81665047?
1
What is the hundred millions digit of 781173201?
7
What is the hundreds digit of 1391895942?
9
What is the ten thousands digit of 4245487841?
8
What is the ten thousands digit of 22725391?
2
What is the millions digit of 222527823?
2
What is the millions digit of 130935221?
0
What is the millions digit of 29748546?
9
What is the units digit of 18489110?
0
What is the thousands digit of 140109220?
9
What is the hundred thousands digit of 9453273?
4
What is the billions digit of 1716576265?
1
What is the ten thousands digit of 128357444?
5
What is the ten millions digit of 1398364597?
9
What is the millions digit of 44177695?
4
What is the millions digit of 2617814633?
7
What is the tens digit of 1468841876?
7
What is the hundreds digit of 304285969?
9
What is the units digit of 323247606?
6
What is the thousands digit of 929047700?
7
What is the thousands digit of 99821239?
1
What is the ten millions digit of 58307210?
5
What is the hundreds digit of 1834042?
0
What is the tens digit of 241980116?
1
What is the ten thousands digit of 3648175951?
7
What is the ten thousands digit of 307242911?
4
What is the thousands digit of 2414717637?
7
What is the ten thousands digit of 75304812?
0
What is the hundred thousands digit of 519103921?
1
What is the thousands digit of 142863364?
3
What is the thousands digit of 44688329?
8
What is the billions digit of 2569887770?
2
What is the hundred millions digit of 117076333?
1
What is the thousands digit of 26283610?
3
What is the millions digit of 420123680?
0
What is the units digit of 87450073?
3
What is the hundred millions digit of 534183674?
5
What is the tens digit of 280124970?
7
What is the millions digit of 221666775?
1
What is the hundred millions digit of 1097427423?
0
What is the ten thousands digit of 610736294?
3
What is the ten millions digit of 387815011?
8
What is the hundreds digit of 682432259?
2
What is the ten thousands digit of 94926695?
2
What is the thousands digit of 118293935?
3
What is the units digit of 129866392?
2
What is the units digit of 190280416?
6
What is the tens digit of 102657868?
6
What is the hundred thousands digit of 32567432?
5
What is the ten thousands digit of 68301404?
0
What is the hundreds digit of 638964645?
6
What is the hundreds digit of 19171488?
4
What is the hundred millions digit of 265215401?
2
What is the units digit of 7524793182?
2
What is the thousands digit of 70514352?
4
What is the ten thousands digit of 34979035?
7
What is the units digit of 3115909479?
9
What is the ten thousands digit of 28454949?
5
What is the hundred millions digit of 699903124?
6
What is the hundred thousands digit of 747753613?
7
What is the millions digit of 391056781?
1
What is the hundreds digit of 388323995?
9
What is the tens digit of 7511443?
4
What is the units digit of 1779943?
3
What is the ten thousands digit of 6055649?
5
What is the hundred millions digit of 1735093605?
7
What is the hundreds digit of 52544235?
2
What is the hundred millions digit of 3983243139?
9
What is the ten thousands digit of 32531464?
3
What is the ten millions digit of 10380011?
1
What is the ten thousands digit of 42392558?
9
What is the ten millions digit of 1172109407?
7
What is the tens digit of 252486439?
3
What is the ten millions digit of 71017295?
7
What is the hundred thousands digit of 104072109?
0
What is the hundred thousands digit of 423930031?
9
What is the millions digit of 18464133?
8
What is the ten millions digit of 740156750?
4
What is the units digit of 423684585?
5
What is the thousands digit of 2774838300?
8
What is the tens digit of 162274408?
0
What is the ten thousands digit of 319608022?
0
What is the tens digit of 3634343108?
0
What is the tens digit of 499600629?
2
What is the millions digit of 133814873?
3
What is the hundred millions digit of 498509281?
4
What is the tens digit of 359123794?
9
What is the hundred thousands digit of 1434604886?
6
What is the units digit of 296934897?
7
What is the hundred thousands digit of 110601994?
6
What is the millions digit of 3408354718?
8
What is the hundreds digit of 60889824?
8
What is the millions digit of 78009827?
8
What is the hundreds digit of 211016214?
2
What is the ten millions digit of 324697859?
2
What is the millions digit of 1695443028?
5
What is the millions digit of 33152982?
3
What is the hundreds digit of 26397802?
8
What is the millions digit of 240222637?
0
What is the hundred millions digit of 373955743?
3
What is the hundred thousands digit of 37356355?
3
What is the units digit of 1807568901?
1
What is the ten millions digit of 170948799?
7
What is the hundreds digit of 66425159?
1
What is the ten millions digit of 1118527591?
1
What is the ten thousands digit of 444356674?
5
What is the thousands digit of 4638969951?
9
What is the ten millions digit of 684151234?
8
What is the ten thousands digit of 994058?
9
What is the thousands digit of 2153053247?
3
What is the tens digit of 562420843?
4
What is the hundreds digit of 271628807?
8
What is the millions digit of 76261113?
6
What is the units digit of 11572566?
6
What is the hundred thousands digit of 430701674?
7
What is the hundred millions digit of 1208375232?
2
What is the hundred thousands digit of 1261877461?
8
What is the units digit of 2028763961?
1
What is the ten millions digit of 2179169501?
7
What is the tens digit of 944539032?
3
What is the ten millions digit of 611896446?
1
What is the tens digit of 226692031?
3
What is the thousands digit of 25801638?
1
What is the millions digit of 81511319?
1
What is the thousands digit of 619851579?
1
What is the tens digit of 8825401426?
2
What is the thousands digit of 2454140449?
0
What is the hundreds digit of 5467892?
8
What is the ten millions digit of 539729426?
3
What is the hundred thousands digit of 1360672679?
6
What is the hundreds digit of 120633148?
1
What is the thousands digit of 70437062?
7
What is the hundred thousands digit of 103969519?
9
What is the tens digit of 40797535?
3
What is the thousands digit of 4158347848?
7
What is the tens digit of 47011823?
2
What is the ten millions digit of 936479687?
3
What is the units digit of 3013965640?
0
What is the millions digit of 87680262?
7
What is the tens digit of 305372034?
3
What is the tens digit of 7041490?
9
What is the hundred thousands digit of 256169315?
1
What is the hundreds digit of 1510938851?
8
What is the hundred millions digit of 297908650?
2
What is the units digit of 196415583?
3
What is the ten thousands digit of 795250?
9
What is the hundred thousands digit of 452218966?
2
What is the hundred thousands digit of 1135003979?
0
What is the tens digit of 3043527361?
6
What is the hundred millions digit of 167893469?
1
What is the thousands digit of 214603256?
3
What is the units digit of 67761688?
8
What is the thousands digit of 1127619295?
9
What is the units digit of 676750418?
8
What is the hundred millions digit of 4017240537?
0
What is the hundred millions digit of 981770479?
9
What is the hundreds digit of 1780647170?
1
What is the ten millions digit of 943136504?
4
What is the thousands digit of 310872802?
2
What is the ten millions digit of 111186808?
1
What is the tens digit of 443040001?
0
What is the units digit of 44418463?
3
What is the ten millions digit of 2087736978?
8
What is the tens digit of 33211777?
7
What is the hundred millions digit of 275302985?
2
What is the h